43530709 composite?
False
Is 595451 a prime number?
True
Is 27105047 a composite number?
False
Is 1524763 composite?
False
Is 12309877 a prime number?
True
Is 88336777 composite?
True
Is 9585193 a prime number?
True
Is 13094381 a composite number?
False
Is 5095943 a composite number?
True
Is 87798922 a prime number?
False
Is 2600657 composite?
True
Is 650959 composite?
True
Is 11009351 composite?
False
Is 3797161 a composite number?
False
Is 2336743 prime?
True
Is 546587339 prime?
True
Is 15241561 prime?
True
Is 2141421 prime?
False
Is 195974773 prime?
True
Is 16915009 a composite number?
False
Is 4185547 prime?
True
Is 781589 composite?
False
Is 530971 a prime number?
False
Is 4181231 composite?
True
Is 2966287 a composite number?
True
Is 21479357 prime?
False
Is 2974843 a composite number?
True
Is 2040793 a composite number?
True
Is 1596341 a prime number?
True
Is 871261 a prime number?
False
Is 14439994 composite?
True
Is 75704966 a composite number?
True
Is 1430851 a prime number?
True
Is 1229257 a prime number?
True
Is 14465267 prime?
True
Is 236409 a prime number?
False
Is 626909 a prime number?
False
Is 59488351 a prime number?
False
Is 65872661 a prime number?
False
Is 38554153 prime?
False
Is 25229219 prime?
False
Is 50713511 a prime number?
True
Is 452345 composite?
True
Is 19282609 prime?
True
Is 1944353 composite?
False
Is 23605159 composite?
True
Is 107699 a prime number?
True
Is 24688693 a prime number?
False
Is 3140633 composite?
False
Is 32366111 a prime number?
False
Is 2892649 composite?
False
Is 145188685 a composite number?
True
Is 129276061 composite?
True
Is 290375245 a prime number?
False
Is 14242969 a composite number?
True
Is 223379969 a composite number?
True
Is 129453 composite?
True
Is 304366 a composite number?
True
Is 78395455 a prime number?
False
Is 833429 composite?
False
Is 480239 prime?
False
Is 24679151 prime?
False
Is 36543001 a composite number?
True
Is 2389189 a prime number?
False
Is 33446901 prime?
False
Is 71756281 a prime number?
False
Is 119218991 a composite number?
False
Is 39120533 a prime number?
False
Is 1338041 a composite number?
False
Is 259549195 prime?
False
Is 16415417 a composite number?
False
Is 29633999 a prime number?
True
Is 56520857 a prime number?
False
Is 2098643 a prime number?
False
Is 413593079 prime?
False
Is 502571099 a prime number?
True
Is 96035 composite?
True
Is 443324345 a composite number?
True
Is 2959981 prime?
True
Is 8392567 a prime number?
False
Is 1881307 prime?
True
Is 26056099 prime?
False
Is 404725991 composite?
False
Is 110881987 a composite number?
False
Is 10872991 composite?
False
Is 2657513 composite?
False
Is 1726001 prime?
False
Is 35192603 a composite number?
False
Is 126491 a prime number?
True
Is 5005757 a prime number?
True
Is 14985283 composite?
False
Is 39391589 a composite number?
False
Is 113572103 a prime number?
False
Is 543017 prime?
True
Is 24417979 prime?
True
Is 68448253 a prime number?
False
Is 18323359 composite?
False
Is 20158247 a composite number?
False
Is 4260505 a composite number?
True
Is 19979107 prime?
False
Is 127775617 composite?
False
Is 362330203 composite?
False
Is 107640707 prime?
True
Is 21352661 a composite number?
True
Is 179141 composite?
True
Is 474193 a composite number?
True
Is 454691287 composite?
False
Is 17602919 composite?
False
Is 91178611 prime?
True
Is 8658757 a composite number?
False
Is 38575637 a prime number?
False
Is 122369569 prime?
False
Is 96470785 a prime number?
False
Is 30024403 a composite number?
False
Is 33942869 a composite number?
False
Is 52771391 a prime number?
True
Is 10229269 a prime number?
True
Is 108587309 a prime number?
True
Is 212184983 composite?
False
Is 56270645 composite?
True
Is 629725961 composite?
False
Is 431386079 composite?
False
Is 54738049 prime?
False
Is 3081977 composite?
True
Is 34842043 prime?
False
Is 875023 a prime number?
False
Is 15086795 composite?
True
Is 10200601 a prime number?
True
Is 23504498 a composite number?
True
Is 322675235 prime?
False
Is 7044833 a prime number?
False
Is 2093641 prime?
False
Is 198126769 composite?
False
Is 783674995 prime?
False
Is 276852881 composite?
False
Is 1359401 a composite number?
False
Is 29749211 composite?
False
Is 59799631 a composite number?
True
Is 6141599 a prime number?
True
Is 13890603 a prime number?
False
Is 3749267 composite?
False
Is 12855397 prime?
False
Is 18556441 composite?
False
Is 225625237 prime?
True
Is 3826367 a composite number?
False
Is 52125533 a prime number?
False
Is 1763077 a prime number?
False
Is 2155661 a prime number?
True
Is 913009019 prime?
False
Is 4703719 prime?
False
Is 3187469 prime?
True
Is 165980551 prime?
False
Is 136490143 a prime number?
False
Is 225760589 a composite number?
False
Is 15214447 a prime number?
True
Is 24461909 composite?
False
Is 858217 composite?
False
Is 83537 a composite number?
False
Is 724141 a prime number?
False
Is 2100017 a prime number?
False
Is 647779 prime?
False
Is 10462967 a composite number?
False
Is 1487113 a composite number?
False
Is 3038621 a prime number?
False
Is 6926947 a composite number?
False
Is 65006569 prime?
True
Is 69526159 a composite number?
False
Is 81539 composite?
True
Is 612047 a prime number?
False
Is 14517941 a prime number?
True
Is 19763099 a prime number?
True
Is 33770689 a prime number?
False
Is 4491653 a prime number?
True
Is 243646217 a prime number?
True
Is 45066397 composite?
False
Is 11651191 prime?
False
Is 705613 a composite number?
False
Is 29604203 a prime number?
True
Is 23237953 a composite number?
False
Is 43321283 a composite number?
True
Is 11121307 composite?
False
Is 16052419 a composite number?
True
Is 71693993 a prime number?
False
Is 47532011 a composite number?
True
Is 124173485 a prime number?
False
Is 10231789 a prime number?
True
Is 198313 a composite number?
False
Is 3361891 prime?
False
Is 1286323 prime?
True
Is 19219247 prime?
False
Is 1291871 a prime number?
False
Is 83891 prime?
True
Is 1147403 a composite number?
True
Is 69313 composite?
False
Is 3716315 composite?
True
Is 303182983 a prime number?
False
Is 5649497 composite?
True
Is 563897 a composite number?
False
Is 10192579 prime?
True
Is 160524127 a prime number?
True
Is 70525181 composite?
False
Is 220252421 a composite number?
False
Is 5804873 a composite number?
False
Is 27324503 a composite number?
False
Is 169447 a composite number?
True
Is 7347989 prime?
False
Is 125990671 prime?
False
Is 6385201 a composite number?
True
Is 1141657 a composite number?
True
Is 12974609 a composite number?
True
Is 1103349881 a prime number?
True
Is 93199201 composite?
False
Is 843967303 composite?
False
Is 5052283 a composite number?
False
Is 88630033 a prime number?
True
Is 1582843 composite?
True
Is 795623 prime?
False
Is 410933 composite?
True
Is 27362297 composite?
False
Is 4938227 composite?
True
Is 9298097 composite?
True
Is 2693203 a prime number?
True
Is 1762589 a prime number?
True
Is 4563893 a prime number?
True
Is 1307627 prime?
True
Is 127147179 composite?
True
Is 38789753 a composite number?
True
Is 4112231 prime?
True
Is 341516059 prime?
True
Is 29165973 a prime number?
False
Is 681287 composite?
True
Is 33299887 prime?
True
Is 80751709 a prime number?
False
Is 17974469 a composite number?
True
Is 19578659 composite?
True
Is 4704577 a prime number?
True
Is 242349 a prime number?
False
Is 41586577 a prime number?
False
Is 3087251 composite?
True
Is 17199627 a prime number?
False
Is 10535537 prime?
True
Is 2409299 a composite number?
False
Is 676553 prime?
False
Is 14957771 prime?
True
Is 159340537 prime?
False
Is 29331401 composite?
True
Is 9479051 a composite number?
False
Is 12378017 composite?
True
Is 22242109 composite?
False
Is 22315673 a prime number?
True
Is 62824103 a composite number?
False
Is 9165577 prime?
True
Is 2962681 a prime number?
True
Is 196497173 a composite number?
True
Is 2367427 composite?
False
Is 6118891 composite?
False
Is 24384601 a composite number?
False
Is 3952281 a composite number?
True
Is 4347149 composite?
False
Is 86138393 composite?
True
Is 20477 prime?
True
Is 2918501 composite?
False
Is 16346159 prime?
True
Is 16147561 a prime number?
True
Is 13434431 a composite number?
True
Is 21482029 composite?
False
Is